at is r(-11)?
-9
Let v(f) = -2*f**3 + 5*f**2 - 163*f + 944. What is v(6)?
-286
Let q(m) = 4072*m + 38014. Give q(-9).
1366
Let g(i) = 2582*i + 5350. Give g(-2).
186
Let g(v) = -11*v**2 - 469*v - 857. Determine g(-37).
1437
Let j(p) = -1083*p + 805764. Determine j(744).
12
Let a(b) = 2*b**3 - 561*b**2 - 1958*b - 8505. Calculate a(284).
15
Let f(r) = 84*r + 11101. Give f(-129).
265
Let a(h) = 7*h**2 - 2*h - 722. Give a(-10).
-2
Let w(g) = 2275*g - 150843. What is w(66)?
-693
Let k(z) = 53722*z + 161147. Calculate k(-3).
-19
Let m(p) = 269*p + 84668. Give m(-315).
-67
Let v(g) = 87*g**2 + 93039*g - 54573. Determine v(-1070).
-3
Let b(s) = 3*s**3 - 50*s**2 - 41*s - 20. Give b(17).
-428
Let q(l) = 64*l**2 + 260*l + 292. What is q(-5)?
592
Let x(z) = -z**3 + 497*z**2 - 1278*z + 142575. Determine x(495).
15
Let n(z) = 4743132*z - 52174458. Calculate n(11).
-6
Let b(f) = -f**3 - 10*f**2 + 454*f + 3806. Give b(-8).
46
Let l(h) = 2834*h - 27056. Give l(10).
1284
Let z(o) = -o**3 - 93*o**2 + 15*o + 239. Calculate z(-93).
-1156
Let g(j) = -5*j**2 + 541*j + 3808. What is g(-7)?
-224
Let m(s) = 3*s**2 - 188*s - 3503. Calculate m(-16).
273
Let n(f) = 2*f**3 - 33*f**2 - 111*f + 1045. Calculate n(18).
19
Let j(v) = -132*v + 1455. Determine j(10).
135
Let a(u) = u**2 + 3866*u + 99844. Determine a(-26).
4
Let d(y) = -1242*y + 191272. Calculate d(154).
4
Let a(j) = -j**3 + 18*j**2 - 101*j + 2836. Determine a(20).
16
Let g(s) = -4*s**3 + 168*s**2 + 332*s + 6. Determine g(-2).
46
Let r(d) = -37*d**2 - 2407*d - 4655. What is r(-63)?
133
Let g(o) = -2*o**3 - 17*o**2 + 957*o + 11468. What is g(-16)?
-4
Let h(m) = -10*m**3 - 4*m**2 + 108*m + 410. Calculate h(-4).
554
Let i(z) = -2175*z - 12138. Determine i(-6).
912
Let c(f) = 25308*f - 202505. Give c(8).
-41
Let u(i) = 2*i**3 - 540*i**2 + 36108*i + 505. What is u(122)?
17
Let r(m) = 3*m**2 + 1760*m + 66679. Give r(-546).
67
Let a(z) = 1124*z**2 - 43834*z - 98. What is a(39)?
-20
Let j(y) = 145354*y + 1017489. What is j(-7)?
11
Let h(r) = -4*r**3 + 22*r**2 + 140*r + 161. Determine h(-5).
511
Let k(d) = d**3 - 240*d**2 - 1098*d - 31123. What is k(245)?
-8
Let j(h) = -265723*h - 5845902. Give j(-22).
4
Let n(k) = -k**3 - 33*k**2 - 132*k + 455. Determine n(-26).
-845
Let u(h) = -3*h**3 + 3257*h**2 + 24042*h + 4360. Calculate u(1093).
-12
Let x(s) = -3*s + 762. What is x(26)?
684
Let c(j) = 1311*j - 778666. What is c(594)?
68
Let p(b) = 550*b - 3292. Give p(6).
8
Let x(u) = 8*u**3 - 12*u**2 + 214*u + 6. What is x(9)?
6792
Let f(h) = h**3 - 68*h**2 + 1038*h - 3729. Give f(48).
15
Let m(z) = -2771*z - 631798. Calculate m(-228).
-10
Let v(c) = -c**3 - 113*c**2 + 1927*c - 105. Give v(15).
0
Let q(m) = 62*m**2 + 2578*m + 7166. What is q(-3)?
-10
Let k(b) = -3*b**3 + 161*b**2 - 74*b + 2217. Give k(53).
3913
Let m(y) = 4*y**3 + 2*y**2 + 3*y - 141. What is m(6)?
813
Let a(q) = 3*q**3 - 19*q**2 - 477*q + 5202. Calculate a(11).
1649
Let p(r) = -r**3 - 527*r**2 - 1038*r + 6250. Give p(-525).
-50
Let f(r) = -283*r + 15017. What is f(53)?
18
Let p(r) = -894*r + 6015. Determine p(7).
-243
Let d(q) = -40158*q + 160795. Determine d(4).
163
Let d(p) = -3317258*p - 19903546. Give d(-6).
2
Let z(u) = u**3 + 32*u**2 + 9*u - 1763. What is z(-9)?
19
Let m(b) = -4742*b - 379361. Calculate m(-80).
-1
Let g(k) = -k**3 + 15*k**2 - 6*k + 199. Calculate g(15).
109
Let p(b) = -16*b**3 + 1858*b**2 - 227*b - 429. Determine p(116).
151
Let q(o) = o**3 + 596*o**2 + 1169*o - 11549. Give q(-594).
-263
Let q(p) = -1161*p + 531740. Determine q(458).
2
Let y(p) = -529*p - 4664. Give y(-9).
97
Let d(o) = 11867*o - 1649611. Calculate d(139).
-98
Let u(g) = 5*g**2 - 112*g - 52. What is u(3)?
-343
Let m(f) = 87*f - 13926. Give m(154).
-528
Let s(x) = 3*x**2 + 1831*x + 250091. Calculate s(-404).
15
Let w(l) = -45*l - 672. Calculate w(-13).
-87
Let w(j) = -2*j**3 - 188*j**2 + 1849*j - 564. What is w(-103)?
-49
Let q(o) = -3*o**2 + 163*o + 1578. Determine q(-9).
-132
Let l(y) = 3*y**2 - 104*y - 437. Calculate l(-5).
158
Let q(u) = 4128*u + 268119. Determine q(-65).
-201
Let v(m) = -185*m - 10850. What is v(-60)?
250
Let n(z) = z**3 + 317*z**2 + 11308*z - 335. Determine n(-41).
-7
Let q(w) = w**3 - 37*w**2 - 938*w + 16260. What is q(13)?
10
Let u(g) = -3*g**2 + 99*g - 1091. What is u(26)?
-545
Let j(r) = 15*r**2 - 249*r + 234. Calculate j(17).
336
Let c(y) = -327*y**2 - 6180*y + 602. What is c(-19)?
-25
Let q(p) = 2373*p - 555285. Determine q(234).
-3
Let g(l) = 1251*l - 370290. Determine g(296).
6
Let v(q) = 21*q - 4341. What is v(178)?
-603
Let b(f) = -3*f**3 + 131*f**2 - 634*f - 271. Determine b(6).
-7
Let m(a) = -88900*a - 1600192. Calculate m(-18).
8
Let c(k) = k**3 + 67*k**2 - 346*k + 12736. Calculate c(-74).
8
Let m(v) = -v**2 - 3142*v + 85728. What is m(27)?
165
Let k(w) = 2*w**2 + 170*w + 2880. Calculate k(-64).
192
Let y(m) = 1507*m**2 + 18040*m - 521. What is y(-12)?
7
Let k(c) = 42*c**2 + 95*c + 118. What is k(-3)?
211
Let n(y) = -3*y**3 - 446*y**2 + 151*y + 368. Determine n(-149).
70
Let h(l) = -l**2 + 63316*l + 253279. Determine h(-4).
-1
Let n(v) = -v**2 - 1021*v - 248856. Determine n(-619).
-18
Let o(r) = -7*r**2 - 3087*r + 9263. What is o(-444)?
-61
Let g(s) = 12*s**2 + 83*s + 148. What is g(-3)?
7
Let z(p) = 1606*p - 9269. Determine z(6).
367
Let g(w) = w**3 - 108*w**2 + 496*w + 1987. What is g(103)?
30
Let u(y) = -539*y**2 + 1551*y + 183. Determine u(3).
-15
Let m(a) = 60*a**3 - 245*a**2 + 305*a - 1170. What is m(4)?
-30
Let h(r) = -r**3 + 176720*r - 1060109. Calculate h(6).
-5
Let b(t) = -53660*t - 107286. What is b(-2)?
34
Let n(b) = b**3 - 10*b**2 - 116*b + 39. Calculate n(-6).
159
Let z(s) = 57*s**2 - 117*s - 41. Determine z(6).
1309
Let h(y) = -1081*y - 3490. Calculate h(-3).
-247
Let r(v) = 195*v**2 - 2776*v + 649. Calculate r(14).
5
Let t(v) = 4*v**2 + 754*v - 3031. Determine t(4).
49
Let l(f) = 4493*f - 242626. Calculate l(54).
-4
Let m(j) = j**3 + 3*j**2 - 145*j + 593. Determine m(5).
68
Let d(l) = -14*l**2 - 33477*l - 33481. Calculate d(-1).
-18
Let n(m) = -5488*m + 477443. What is n(87)?
-13
Let d(l) = l**3 + 8*l**2 - 512*l + 118. Determine d(-27).
91
Let c(q) = 24*q**2 + 427*q + 15. Determine c(-17).
-308
Let q(d) = d**3 - 39*d**2 - 3050*d - 111. Give q(-39).
201
Let q(i) = 20*i**2 - 10258*i + 10254. What is q(1)?
16
Let a(w) = -w**3 + 28*w**2 + 254*w + 4. Give a(-7).
-59
Let g(x) = -2*x**3 - 40*x**2 - 17*x + 122. Determine g(-17).
-1323
Let a(d) = 576*d**2 - 467*d - 4. Give a(1).
105
Let d(s) = -277*s**2 - 261*s - 518. Calculate d(-2).
-1104
Let a(w) = 3203685*w - 16018429. Give a(5).
-4
Let v(p) = -219182*p - 1972634. Determine v(-9).
4
Let f(x) = 42*x**2 - 9*x + 381. Determine f(-8).
3141
Let i(z) = 792*z - 21866. Calculate i(30).
1894
Let v(g) = 7970*g + 46416. Determine v(-5).
6566
Let x(r) = -1775*r - 8840. Determine x(-5).
35
Let v(u) = -951096*u + 3804381. What is v(4)?
-3
Let s(o) = o**3 - 18*o**2 + 123*o - 213. Calculate s(9).
165
Let b(o) = -o**3 + 9*o**2 + 3642*o + 27. Determine b(-56).
-85
Let x(o) = -9*o**2 - 884*o - 10969. Calculate x(-15).
266
Let u(o) = -19*o**2 - 404*o + 2039. Determine u(5).
-456
Let j(b) = -45*b**2 - 2084*b + 594. Calculate j(-47).
-863
Let v(g) = -g**3 + 41*g**2 + 39*g + 552. Give v(42).
426
Let m(s) = -2324*s + 23470. Determine m(10).
230
Let l(g) = -g**3 + 107*g**2 - 399*g - 1019. What is l(103)?
320
Let v(n) = -729*n - 147898. What is v(-203)?
89
Let d(j) = -1005*j + 88444. Give d(88).
4
Let f(a) = -7*a**3 - 169*a**2 - 3035*a - 79628. Give f(-25).
-3
Let j(x) = -3*x**2 - 1258*x + 11269. What is j(-428)?
141
Let j(r) = -4*r**2 + 372*r - 4455. Calculate j(81).
-567
Let g(i) = 45*i + 2959. What is g(-65)?
34
Let i(y) = 862*y + 62458. Determine i(-76).
-3054
Let q(s) = 556*s**2 - 1248*s + 4. Determine q(2).
-268
Let r(n) = 4*n**3 - 310*n**2 + 427*n - 21029. Determine r(77).
-8
Let x(v) = 2*v**3 + 36*v + 53. Determine x(0).
53
Let k(s) = -4*s**3 + 439*s**2 - 325*s - 203. Calculate k(109).
15
Let l(z) = 3530*z - 158956. What is l(45)?
-106
Let h(f) = -2*f**3 + 63*f**2 + 688*f - 336. Give h(40).
-16
Let t(a) = 3*a**2 + 12531*a + 74997. Determine t(-6).
-81
Let p(a) = -2159*a**2 + 517*a + 521. Calculate p(-1).
-2155
Let r(p) = 13*p**2 - 8028*p + 12277. Give r(616).
-43
Let g(b) = b**3 + 165*b**2 - 68*